66?
-168a9
In base 10, what is -22356 - 87?
-22443
In base 9, what is -5 + 81373?
81367
In base 13, what is 1572 + 60?
1602
In base 7, what is 121 + 6634?
10055
In base 5, what is 20114101 - -4?
20114110
In base 8, what is -2 - -17032?
17030
In base 13, what is 1228a6 + -1?
1228a5
In base 5, what is 21 + -4011220?
-4011144
In base 16, what is 1 - 31ecf?
-31ece
In base 5, what is 0 - 32400402?
-32400402
In base 3, what is 1202100 - 11?
1202012
In base 14, what is -3202a + -5?
-32031
In base 8, what is 0 + -3612601?
-3612601
In base 15, what is -1080 - 5?
-1085
In base 4, what is 10020 - 2202?
1212
In base 7, what is -10 - 63546?
-63556
In base 5, what is -3 - 114201320?
-114201323
In base 9, what is 55 + 2282?
2347
In base 4, what is -100321012 - -2?
-100321010
In base 11, what is 6a - 697?
-628
In base 15, what is 1 + -1bd2bc?
-1bd2bb
In base 8, what is -2 + 17151?
17147
In base 15, what is -9bb26 - 7?
-9bb2d
In base 14, what is 163a5 + 2a?
163d1
In base 3, what is 100101121202 - -11?
100101121220
In base 16, what is -31a + -1327?
-1641
In base 7, what is 3 + -234622?
-234616
In base 5, what is 402 - 1341041?
-1340134
In base 7, what is -10 - -1545?
1535
In base 9, what is -358123 - 1?
-358124
In base 2, what is -11000101011 - -100100?
-11000000111
In base 11, what is 344 + -16?
329
In base 5, what is 302 - 344120?
-343313
In base 9, what is -5273384 - 4?
-5273388
In base 9, what is -8318 + -11?
-8330
In base 11, what is 4 - -12a5?
12a9
In base 9, what is -331873 - -1?
-331872
In base 12, what is -1b1b2 + 2?
-1b1b0
In base 16, what is ca1f + -1?
ca1e
In base 15, what is 2 - -1d51?
1d53
In base 3, what is -2021210 - 202?
-2022112
In base 16, what is -940 - 197?
-ad7
In base 16, what is 153e + 184?
16c2
In base 14, what is 2 - -1cc96?
1cc98
In base 14, what is 6 + 3a4?
3aa
In base 8, what is 30 - -1364?
1414
In base 11, what is -3 - 3414?
-3417
In base 14, what is 1054 - 40?
1014
In base 6, what is -4340052 - 1?
-4340053
In base 11, what is a + 1030?
103a
In base 9, what is 10 + 3840?
3850
In base 8, what is 121250 + 5?
121255
In base 11, what is 438 + 926?
1263
In base 7, what is -1205343 - 2?
-1205345
In base 3, what is 1012220010 + 2220?
1020000000
In base 5, what is 312444 + -24?
312420
In base 16, what is 0 - -15af?
15af
In base 7, what is -353 - 40?
-423
In base 8, what is 0 + 1441576?
1441576
In base 11, what is -6 - 369a?
-36a5
In base 11, what is -6a + -5111?
-5180
In base 2, what is -1110001 - -10110001110?
10100011101
In base 12, what is 33260 + 1?
33261
In base 6, what is 2124211 - -4?
2124215
In base 11, what is a1 - -1874?
1965
In base 13, what is -a48b - 14?
-a4a2
In base 16, what is -bc + -15d?
-219
In base 9, what is 12 - -482166?
482178
In base 7, what is -41205554 - 5?
-41205562
In base 9, what is 211271 + 4?
211275
In base 12, what is -13 + -53298?
-532ab
In base 7, what is 0 + 26362?
26362
In base 4, what is 11003 + 3130113?
3201122
In base 11, what is 1563 + 331?
1894
In base 4, what is -22110 + 112?
-21332
In base 2, what is 100 - 100011011011?
-100011010111
In base 13, what is 3 + 9b15?
9b18
In base 16, what is -2fdc7 - 5?
-2fdcc
In base 7, what is 64 - -12644?
13041
In base 10, what is -203 - 772?
-975
In base 5, what is -14333 - -22411?
3023
In base 9, what is -1 + -555?
-556
In base 8, what is -3360752 + 5?
-3360745
In base 10, what is -350 - 275?
-625
In base 15, what is 0 + -a59?
-a59
In base 15, what is 14 + 433?
447
In base 9, what is -270660 + -2?
-270662
In base 2, what is 101010000110010010001111 + -100?
101010000110010010001011
In base 5, what is 13 - 23134131?
-23134113
In base 10, what is 50 - -253?
303
In base 7, what is -5 - 45133?
-45141
In base 8, what is -2272 - 323?
-2615
In base 10, what is -711 + 122?
-589
In base 8, what is -15637 - 14?
-15653
In base 3, what is 21 - -10011011?
10011102
In base 8, what is 2 - -16432?
16434
In base 12, what is -5a16 - -5?
-5a11
In base 12, what is 612b8 - -13?
6130b
In base 13, what is -caa1 - -25?
-ca79
In base 12, what is 38 + 505?
541
In base 3, what is -10210120 + 11102?
-10122011
In base 4, what is 32130 + 1000?
33130
In base 2, what is -111110110100 - 1000?
-111110111100
In base 7, what is 1334346 - 12?
1334334
In base 2, what is -1111011011111000 + 110000?
-1111011011001000
In base 7, what is 314 + -20114?
-16500
In base 12, what is -942829 + 2?
-942827
In base 2, what is 10100000001100 - -101?
10100000010001
In base 4, what is 32112220 + -13?
32112201
In base 8, what is 2064 - -200?
2264
In base 12, what is -4962 + -6?
-4968
In base 5, what is 201102110 - 0?
201102110
In base 4, what is -213 + 333221?
333002
In base 13, what is 1210b43 - -4?
1210b47
In base 6, what is 15 + 2345?
2404
In base 8, what is 5 + 1022422?
1022427
In base 8, what is 65 + 1740?
2025
In base 13, what is 70745 - 4?
70741
In base 14, what is -3 - 1297b0?
-1297b3
In base 5, what is 1 - 210320032?
-210320031
In base 15, what is 2 - 2493b5?
-2493b3
In base 14, what is -7a82 + -1?
-7a83
In base 16, what is -17ee10 - 0?
-17ee10
In base 7, what is -201 - 11441?
-11642
In base 7, what is -5 - -20006?
20001
In base 5, what is -10 + 1043402?
1043342
In base 9, what is -351 + 23?
-327
In base 13, what is 1 - -873?
874
In base 7, what is -6304 + 0?
-6304
In base 15, what is -acc - 9?
-ad6
In base 9, what is -26 - 256743?
-256770
In base 3, what is -1122102 - 111?
-1122220
In base 11, what is 5 - -a775?
a77a
In base 7, what is 104223 + -2?
104221
In base 10, what is -16449 - 2?
-16451
In base 11, what is 104a4 + 1a1?
10695
In base 8, what is 151 - -1103?
1254
In base 9, what is -43 - 25468?
-25522
In base 7, what is -460 + 2?
-455
In base 10, what is 180 - -499?
679
In base 4, what is 20331120 + -12?
20331102
In base 10, what is -2 + -641121?
-641123
In base 5, what is 41 + -2243?
-2202
In base 7, what is 6 + 4526?
4535
In base 8, what is -20 + -7440?
-7460
In base 14, what is 7 - -12260?
12267
In base 4, what is 11 - -210230230?
210230301
In base 4, what is 3 - -3033300?
3033303
In base 7, what is -600400 - 0?
-600400
In base 9, what is -588612 - -5?
-588606
In base 14, what is -10b742 - 5?
-10b747
In base 6, what is 422 - 3001?
-2135
In base 14, what is 3cc - -251?
63d
In base 14, what is -1d9b3 + -8?
-1d9bb
In base 3, what is 1111101011001 - 11?
1111101010220
In base 13, what is -20 + -3586?
-35a6
In base 2, what is -1 - 10111010100011101110?
-10111010100011101111
In base 10, what is -3 - -143917?
143914
In base 16, what is 9c0e7 - -5?
9c0ec
In base 7, what is 612515 - -31?
612546
In base 5, what is -4303 - -4334?
31
In base 8, what is 40 + 5477?
5537
In base 13, what is 6 + 788c5?
788cb
In base 16, what is 8 - 104f?
-1047
In base 16, what is -a0580 - -5?
-a057b
In base 11, what is 23 + a4?
117
In base 3, what is 1 + 2101010121222?
2101010122000
In base 7, what is -1342421 + -13?
-1342434
In base 10, what is -18521 + -2?
-18523
In base 6, what is 200312 + 301?
201013
In base 10, what is -5 + 630089?
630084
In base 13, what is 5 - 6c19?
-6c14
In base 16, what is 10fa3 - -2?
10fa5
In base 3, what is 2000112 + -122001?
1101111
In base 14, what is 647 - -66?
6ad
In base 8, what is -5 - 163500?
-163505
In base 6, what is 2111441 - 5?
2111432
In base 16, what is -11e - -d89?
c6b
In base 12, what is 3 - 85566?
-85563
In base 13, what is -1105 - 1?
-1106
In base 12, what is -9 + 5282?
5275
In base 15, what is 123c - 0?
123c
In base 14, what is -1337d1 - -5?
-1337ca
In base 4, what is 310130 - -322?
311112
In base 2, what is 11 - -1100111110101?
1100111111000
In base 16, what is 8e + -15?
79
In base 14, what is -154 - 7c?
-1d2
In base 11, what is 43 - -11a9?
1241
In base 5, what is -113 - 131320?
-131433
In base 11, what is 136a - -73?
1432
In base 13, what is 3c + -1c17?
-1ba8
In base 5, what is -3 + -300023?
-300031
In base 3, what is -21 + -20110121?
-20110212
In base 14, what is c10ad9 - 1?
c10ad8
In base 10, what is -1568 - 71?
-1639
In base 13, what is 5407 + -1a?
53ba
In base 8, what is -260 - -3213?
2733
In base 3, what is -10011022000 + -1?
-10011022001
In base 3, what is 0 - -100002220?
100002220
In base 15, what is -3 - -6159?
6156
In base 13, what is -52b - 26?
-554
In base 11, what is 1 - -38a999?
38a99a
In base 2, what is -1111 + -101010111?
-101100110
In base 8, what is 166 + 41502?
416